{"id":8159,"date":"2022-06-23T16:53:08","date_gmt":"2022-06-23T16:53:08","guid":{"rendered":"https:\/\/www.friemo.pt\/2022\/produto\/alyat-refrigere\/"},"modified":"2022-10-20T10:49:37","modified_gmt":"2022-10-20T10:49:37","slug":"alyat-refrigere","status":"publish","type":"product","link":"https:\/\/www.friemo.pt\/fr\/produit\/alyat-refrigere\/","title":{"rendered":"Alyat \u2013 R\u00e9frig\u00e9r\u00e9"},"content":{"rendered":"","protected":false},"excerpt":{"rendered":"<ul>\n<li>Fabrication en acier inoxydable<\/li>\n<li>Cuve en une seule pi\u00e8ce aux coins arrondis pour un nettoyage facile<\/li>\n<li>Plaque froide de 25 mm de profondeur et cuve r\u00e9frig\u00e9r\u00e9e de 210 mm de profondeur<\/li>\n<li>Joints de porte magn\u00e9tiques facilement rempla\u00e7ables<\/li>\n<li>R\u00e9frig\u00e9ration par convection naturelle dans la r\u00e9serve et par serpentin dans la cuve<\/li>\n<li>Gaz r\u00e9frig\u00e9rant conforme \u00e0 la norme en vigueur<\/li>\n<li>Contr\u00f4leur num\u00e9rique \u00e0 d\u00e9givrage automatique<\/li>\n<li>Kit d\u2019\u00e9vaporation<\/li>\n<li>Isolation en polyur\u00e9thane sans CFC \u00e0 densit\u00e9 de 40 kg\/m3<\/li>\n<li>Pieds r\u00e9glables en acier inoxydable<\/li>\n<\/ul>\n","protected":false},"featured_media":1974,"comment_status":"open","ping_status":"closed","template":"","meta":{"_acf_changed":false},"product_cat":[551,481,484,493,468,457,460,400,392,452,249],"product_tag":[],"submarca":[217],"tipo":[499,500],"area":[],"class_list":{"0":"post-8159","1":"product","2":"type-product","3":"status-publish","4":"has-post-thumbnail","6":"product_cat-alyat-fr","7":"product_cat-area-fr","8":"product_cat-cantinas-e-instituicoes-fr","9":"product_cat-gasolineiras-fr","10":"product_cat-grab-go-fr","11":"product_cat-hotels-fr","12":"product_cat-restauration","13":"product_cat-self-service-fr","14":"product_cat-self-service-buffet-fr","15":"product_cat-take-away-fr","16":"product_cat-type-fr","17":"submarca-alyat","18":"tipo-self-service-fr","19":"tipo-self-service-fr-2","21":"first","22":"instock","23":"shipping-taxable","24":"product-type-simple"},"acf":[],"yoast_head":"<!-- This site is optimized with the Yoast SEO plugin v25.0 - https:\/\/yoast.com\/wordpress\/plugins\/seo\/ -->\n<title>Alyat \u2013 R\u00e9frig\u00e9r\u00e9 - Friemo<\/title>\n<meta name=\"robots\" content=\"index, follow, max-snippet:-1, max-image-preview:large, max-video-preview:-1\" \/>\n<link rel=\"canonical\" href=\"https:\/\/www.friemo.pt\/fr\/produit\/alyat-refrigere\/\" \/>\n<meta property=\"og:locale\" content=\"fr_FR\" \/>\n<meta property=\"og:type\" content=\"article\" \/>\n<meta property=\"og:title\" content=\"Alyat \u2013 R\u00e9frig\u00e9r\u00e9 - Friemo\" \/>\n<meta property=\"og:description\" content=\"Fabrication en acier inoxydable Cuve en une seule pi\u00e8ce aux coins arrondis pour un nettoyage facile Plaque froide de 25 mm de profondeur et cuve r\u00e9frig\u00e9r\u00e9e de 210 mm de profondeur Joints de porte magn\u00e9tiques facilement rempla\u00e7ables R\u00e9frig\u00e9ration par convection naturelle dans la r\u00e9serve et par serpentin dans la cuve Gaz r\u00e9frig\u00e9rant conforme \u00e0 la norme en vigueur Contr\u00f4leur num\u00e9rique \u00e0 d\u00e9givrage automatique Kit d\u2019\u00e9vaporation Isolation en polyur\u00e9thane sans CFC \u00e0 densit\u00e9 de 40 kg\/m3 Pieds r\u00e9glables en acier inoxydable\" \/>\n<meta property=\"og:url\" content=\"https:\/\/www.friemo.pt\/fr\/produit\/alyat-refrigere\/\" \/>\n<meta property=\"og:site_name\" content=\"Friemo\" \/>\n<meta property=\"article:publisher\" content=\"https:\/\/www.facebook.com\/friemo.purever\" \/>\n<meta property=\"article:modified_time\" content=\"2022-10-20T10:49:37+00:00\" \/>\n<meta property=\"og:image\" content=\"https:\/\/www.friemo.pt\/wp-content\/uploads\/2022\/06\/ALYAT-refrigerado-com-reserva-2.jpg\" \/>\n\t<meta property=\"og:image:width\" content=\"1050\" \/>\n\t<meta property=\"og:image:height\" content=\"1050\" \/>\n\t<meta property=\"og:image:type\" content=\"image\/jpeg\" \/>\n<meta name=\"twitter:card\" content=\"summary_large_image\" \/>\n<script type=\"application\/ld+json\" class=\"yoast-schema-graph\">{\"@context\":\"https:\/\/schema.org\",\"@graph\":[{\"@type\":\"WebPage\",\"@id\":\"https:\/\/www.friemo.pt\/fr\/produit\/alyat-refrigere\/\",\"url\":\"https:\/\/www.friemo.pt\/fr\/produit\/alyat-refrigere\/\",\"name\":\"Alyat \u2013 R\u00e9frig\u00e9r\u00e9 - Friemo\",\"isPartOf\":{\"@id\":\"https:\/\/www.friemo.pt\/en\/#website\"},\"primaryImageOfPage\":{\"@id\":\"https:\/\/www.friemo.pt\/fr\/produit\/alyat-refrigere\/#primaryimage\"},\"image\":{\"@id\":\"https:\/\/www.friemo.pt\/fr\/produit\/alyat-refrigere\/#primaryimage\"},\"thumbnailUrl\":\"https:\/\/www.friemo.pt\/wp-content\/uploads\/2022\/06\/ALYAT-refrigerado-com-reserva-2.jpg\",\"datePublished\":\"2022-06-23T16:53:08+00:00\",\"dateModified\":\"2022-10-20T10:49:37+00:00\",\"breadcrumb\":{\"@id\":\"https:\/\/www.friemo.pt\/fr\/produit\/alyat-refrigere\/#breadcrumb\"},\"inLanguage\":\"fr-FR\",\"potentialAction\":[{\"@type\":\"ReadAction\",\"target\":[\"https:\/\/www.friemo.pt\/fr\/produit\/alyat-refrigere\/\"]}]},{\"@type\":\"ImageObject\",\"inLanguage\":\"fr-FR\",\"@id\":\"https:\/\/www.friemo.pt\/fr\/produit\/alyat-refrigere\/#primaryimage\",\"url\":\"https:\/\/www.friemo.pt\/wp-content\/uploads\/2022\/06\/ALYAT-refrigerado-com-reserva-2.jpg\",\"contentUrl\":\"https:\/\/www.friemo.pt\/wp-content\/uploads\/2022\/06\/ALYAT-refrigerado-com-reserva-2.jpg\",\"width\":1050,\"height\":1050},{\"@type\":\"BreadcrumbList\",\"@id\":\"https:\/\/www.friemo.pt\/fr\/produit\/alyat-refrigere\/#breadcrumb\",\"itemListElement\":[{\"@type\":\"ListItem\",\"position\":1,\"name\":\"In\u00edcio\",\"item\":\"https:\/\/www.friemo.pt\/\"},{\"@type\":\"ListItem\",\"position\":2,\"name\":\"Products\",\"item\":\"https:\/\/www.friemo.pt\/en\/shop\/\"},{\"@type\":\"ListItem\",\"position\":3,\"name\":\"Alyat \u2013 R\u00e9frig\u00e9r\u00e9\"}]},{\"@type\":\"WebSite\",\"@id\":\"https:\/\/www.friemo.pt\/en\/#website\",\"url\":\"https:\/\/www.friemo.pt\/en\/\",\"name\":\"Friemo\",\"description\":\"Caring for what you care for\",\"publisher\":{\"@id\":\"https:\/\/www.friemo.pt\/en\/#organization\"},\"potentialAction\":[{\"@type\":\"SearchAction\",\"target\":{\"@type\":\"EntryPoint\",\"urlTemplate\":\"https:\/\/www.friemo.pt\/en\/?s={search_term_string}\"},\"query-input\":{\"@type\":\"PropertyValueSpecification\",\"valueRequired\":true,\"valueName\":\"search_term_string\"}}],\"inLanguage\":\"fr-FR\"},{\"@type\":\"Organization\",\"@id\":\"https:\/\/www.friemo.pt\/en\/#organization\",\"name\":\"Friemo\",\"url\":\"https:\/\/www.friemo.pt\/en\/\",\"logo\":{\"@type\":\"ImageObject\",\"inLanguage\":\"fr-FR\",\"@id\":\"https:\/\/www.friemo.pt\/en\/#\/schema\/logo\/image\/\",\"url\":\"https:\/\/www.friemo.pt\/wp-content\/uploads\/2022\/02\/Friemo_logo.png\",\"contentUrl\":\"https:\/\/www.friemo.pt\/wp-content\/uploads\/2022\/02\/Friemo_logo.png\",\"width\":1417,\"height\":271,\"caption\":\"Friemo\"},\"image\":{\"@id\":\"https:\/\/www.friemo.pt\/en\/#\/schema\/logo\/image\/\"},\"sameAs\":[\"https:\/\/www.facebook.com\/friemo.purever\",\"https:\/\/www.instagram.com\/friemo.purever\/\"]}]}<\/script>\n<!-- \/ Yoast SEO plugin. -->","yoast_head_json":{"title":"Alyat \u2013 R\u00e9frig\u00e9r\u00e9 - Friemo","robots":{"index":"index","follow":"follow","max-snippet":"max-snippet:-1","max-image-preview":"max-image-preview:large","max-video-preview":"max-video-preview:-1"},"canonical":"https:\/\/www.friemo.pt\/fr\/produit\/alyat-refrigere\/","og_locale":"fr_FR","og_type":"article","og_title":"Alyat \u2013 R\u00e9frig\u00e9r\u00e9 - Friemo","og_description":"Fabrication en acier inoxydable Cuve en une seule pi\u00e8ce aux coins arrondis pour un nettoyage facile Plaque froide de 25 mm de profondeur et cuve r\u00e9frig\u00e9r\u00e9e de 210 mm de profondeur Joints de porte magn\u00e9tiques facilement rempla\u00e7ables R\u00e9frig\u00e9ration par convection naturelle dans la r\u00e9serve et par serpentin dans la cuve Gaz r\u00e9frig\u00e9rant conforme \u00e0 la norme en vigueur Contr\u00f4leur num\u00e9rique \u00e0 d\u00e9givrage automatique Kit d\u2019\u00e9vaporation Isolation en polyur\u00e9thane sans CFC \u00e0 densit\u00e9 de 40 kg\/m3 Pieds r\u00e9glables en acier inoxydable","og_url":"https:\/\/www.friemo.pt\/fr\/produit\/alyat-refrigere\/","og_site_name":"Friemo","article_publisher":"https:\/\/www.facebook.com\/friemo.purever","article_modified_time":"2022-10-20T10:49:37+00:00","og_image":[{"width":1050,"height":1050,"url":"https:\/\/www.friemo.pt\/wp-content\/uploads\/2022\/06\/ALYAT-refrigerado-com-reserva-2.jpg","type":"image\/jpeg"}],"twitter_card":"summary_large_image","schema":{"@context":"https:\/\/schema.org","@graph":[{"@type":"WebPage","@id":"https:\/\/www.friemo.pt\/fr\/produit\/alyat-refrigere\/","url":"https:\/\/www.friemo.pt\/fr\/produit\/alyat-refrigere\/","name":"Alyat \u2013 R\u00e9frig\u00e9r\u00e9 - Friemo","isPartOf":{"@id":"https:\/\/www.friemo.pt\/en\/#website"},"primaryImageOfPage":{"@id":"https:\/\/www.friemo.pt\/fr\/produit\/alyat-refrigere\/#primaryimage"},"image":{"@id":"https:\/\/www.friemo.pt\/fr\/produit\/alyat-refrigere\/#primaryimage"},"thumbnailUrl":"https:\/\/www.friemo.pt\/wp-content\/uploads\/2022\/06\/ALYAT-refrigerado-com-reserva-2.jpg","datePublished":"2022-06-23T16:53:08+00:00","dateModified":"2022-10-20T10:49:37+00:00","breadcrumb":{"@id":"https:\/\/www.friemo.pt\/fr\/produit\/alyat-refrigere\/#breadcrumb"},"inLanguage":"fr-FR","potentialAction":[{"@type":"ReadAction","target":["https:\/\/www.friemo.pt\/fr\/produit\/alyat-refrigere\/"]}]},{"@type":"ImageObject","inLanguage":"fr-FR","@id":"https:\/\/www.friemo.pt\/fr\/produit\/alyat-refrigere\/#primaryimage","url":"https:\/\/www.friemo.pt\/wp-content\/uploads\/2022\/06\/ALYAT-refrigerado-com-reserva-2.jpg","contentUrl":"https:\/\/www.friemo.pt\/wp-content\/uploads\/2022\/06\/ALYAT-refrigerado-com-reserva-2.jpg","width":1050,"height":1050},{"@type":"BreadcrumbList","@id":"https:\/\/www.friemo.pt\/fr\/produit\/alyat-refrigere\/#breadcrumb","itemListElement":[{"@type":"ListItem","position":1,"name":"In\u00edcio","item":"https:\/\/www.friemo.pt\/"},{"@type":"ListItem","position":2,"name":"Products","item":"https:\/\/www.friemo.pt\/en\/shop\/"},{"@type":"ListItem","position":3,"name":"Alyat \u2013 R\u00e9frig\u00e9r\u00e9"}]},{"@type":"WebSite","@id":"https:\/\/www.friemo.pt\/en\/#website","url":"https:\/\/www.friemo.pt\/en\/","name":"Friemo","description":"Caring for what you care for","publisher":{"@id":"https:\/\/www.friemo.pt\/en\/#organization"},"potentialAction":[{"@type":"SearchAction","target":{"@type":"EntryPoint","urlTemplate":"https:\/\/www.friemo.pt\/en\/?s={search_term_string}"},"query-input":{"@type":"PropertyValueSpecification","valueRequired":true,"valueName":"search_term_string"}}],"inLanguage":"fr-FR"},{"@type":"Organization","@id":"https:\/\/www.friemo.pt\/en\/#organization","name":"Friemo","url":"https:\/\/www.friemo.pt\/en\/","logo":{"@type":"ImageObject","inLanguage":"fr-FR","@id":"https:\/\/www.friemo.pt\/en\/#\/schema\/logo\/image\/","url":"https:\/\/www.friemo.pt\/wp-content\/uploads\/2022\/02\/Friemo_logo.png","contentUrl":"https:\/\/www.friemo.pt\/wp-content\/uploads\/2022\/02\/Friemo_logo.png","width":1417,"height":271,"caption":"Friemo"},"image":{"@id":"https:\/\/www.friemo.pt\/en\/#\/schema\/logo\/image\/"},"sameAs":["https:\/\/www.facebook.com\/friemo.purever","https:\/\/www.instagram.com\/friemo.purever\/"]}]}},"_links":{"self":[{"href":"https:\/\/www.friemo.pt\/fr\/wp-json\/wp\/v2\/product\/8159"}],"collection":[{"href":"https:\/\/www.friemo.pt\/fr\/wp-json\/wp\/v2\/product"}],"about":[{"href":"https:\/\/www.friemo.pt\/fr\/wp-json\/wp\/v2\/types\/product"}],"replies":[{"embeddable":true,"href":"https:\/\/www.friemo.pt\/fr\/wp-json\/wp\/v2\/comments?post=8159"}],"wp:featuredmedia":[{"embeddable":true,"href":"https:\/\/www.friemo.pt\/fr\/wp-json\/wp\/v2\/media\/1974"}],"wp:attachment":[{"href":"https:\/\/www.friemo.pt\/fr\/wp-json\/wp\/v2\/media?parent=8159"}],"wp:term":[{"taxonomy":"product_cat","embeddable":true,"href":"https:\/\/www.friemo.pt\/fr\/wp-json\/wp\/v2\/product_cat?post=8159"},{"taxonomy":"product_tag","embeddable":true,"href":"https:\/\/www.friemo.pt\/fr\/wp-json\/wp\/v2\/product_tag?post=8159"},{"taxonomy":"submarca","embeddable":true,"href":"https:\/\/www.friemo.pt\/fr\/wp-json\/wp\/v2\/submarca?post=8159"},{"taxonomy":"tipo","embeddable":true,"href":"https:\/\/www.friemo.pt\/fr\/wp-json\/wp\/v2\/tipo?post=8159"},{"taxonomy":"area","embeddable":true,"href":"https:\/\/www.friemo.pt\/fr\/wp-json\/wp\/v2\/area?post=8159"}],"curies":[{"name":"wp","href":"https:\/\/api.w.org\/{rel}","templated":true}]}}

Alyat – Réfrigéré

<ul>
<li>Fabrication en acier inoxydable</li>
<li>Cuve en une seule pièce aux coins arrondis pour un nettoyage facile</li>
<li>Plaque froide de 25 mm de profondeur et cuve réfrigérée de 210 mm de profondeur</li>
<li>Joints de porte magnétiques facilement remplaçables</li>
<li>Réfrigération par convection naturelle dans la réserve et par serpentin dans la cuve</li>
<li>Gaz réfrigérant conforme à la norme en vigueur</li>
<li>Contrôleur numérique à dégivrage automatique</li>
<li>Kit d’évaporation</li>
<li>Isolation en polyuréthane sans CFC à densité de 40 kg/m3</li>
<li>Pieds réglables en acier inoxydable</li>
</ul>

<!-- This site is optimized with the Yoast SEO plugin v25.0 - https://yoast.com/wordpress/plugins/seo/ -->
<title>Alyat – Réfrigéré - Friemo</title>
<meta name="robots" content="index, follow, max-snippet:-1, max-image-preview:large, max-video-preview:-1" />
<link rel="canonical" href="https://www.friemo.pt/fr/produit/alyat-refrigere/" />
<meta property="og:locale" content="fr_FR" />
<meta property="og:type" content="article" />
<meta property="og:title" content="Alyat – Réfrigéré - Friemo" />
<meta property="og:description" content="Fabrication en acier inoxydable Cuve en une seule pièce aux coins arrondis pour un nettoyage facile Plaque froide de 25 mm de profondeur et cuve réfrigérée de 210 mm de profondeur Joints de porte magnétiques facilement remplaçables Réfrigération par convection naturelle dans la réserve et par serpentin dans la cuve Gaz réfrigérant conforme à la norme en vigueur Contrôleur numérique à dégivrage automatique Kit d’évaporation Isolation en polyuréthane sans CFC à densité de 40 kg/m3 Pieds réglables en acier inoxydable" />
<meta property="og:url" content="https://www.friemo.pt/fr/produit/alyat-refrigere/" />
<meta property="og:site_name" content="Friemo" />
<meta property="article:publisher" content="https://www.facebook.com/friemo.purever" />
<meta property="article:modified_time" content="2022-10-20T10:49:37+00:00" />
<meta property="og:image" content="https://www.friemo.pt/wp-content/uploads/2022/06/ALYAT-refrigerado-com-reserva-2.jpg" />
	<meta property="og:image:width" content="1050" />
	<meta property="og:image:height" content="1050" />
	<meta property="og:image:type" content="image/jpeg" />
<meta name="twitter:card" content="summary_large_image" />
<script type="application/ld+json" class="yoast-schema-graph">{"@context":"https://schema.org","@graph":[{"@type":"WebPage","@id":"https://www.friemo.pt/fr/produit/alyat-refrigere/","url":"https://www.friemo.pt/fr/produit/alyat-refrigere/","name":"Alyat – Réfrigéré - Friemo","isPartOf":{"@id":"https://www.friemo.pt/en/#website"},"primaryImageOfPage":{"@id":"https://www.friemo.pt/fr/produit/alyat-refrigere/#primaryimage"},"image":{"@id":"https://www.friemo.pt/fr/produit/alyat-refrigere/#primaryimage"},"thumbnailUrl":"https://www.friemo.pt/wp-content/uploads/2022/06/ALYAT-refrigerado-com-reserva-2.jpg","datePublished":"2022-06-23T16:53:08+00:00","dateModified":"2022-10-20T10:49:37+00:00","breadcrumb":{"@id":"https://www.friemo.pt/fr/produit/alyat-refrigere/#breadcrumb"},"inLanguage":"fr-FR","potentialAction":[{"@type":"ReadAction","target":["https://www.friemo.pt/fr/produit/alyat-refrigere/"]}]},{"@type":"ImageObject","inLanguage":"fr-FR","@id":"https://www.friemo.pt/fr/produit/alyat-refrigere/#primaryimage","url":"https://www.friemo.pt/wp-content/uploads/2022/06/ALYAT-refrigerado-com-reserva-2.jpg","contentUrl":"https://www.friemo.pt/wp-content/uploads/2022/06/ALYAT-refrigerado-com-reserva-2.jpg","width":1050,"height":1050},{"@type":"BreadcrumbList","@id":"https://www.friemo.pt/fr/produit/alyat-refrigere/#breadcrumb","itemListElement":[{"@type":"ListItem","position":1,"name":"Início","item":"https://www.friemo.pt/"},{"@type":"ListItem","position":2,"name":"Products","item":"https://www.friemo.pt/en/shop/"},{"@type":"ListItem","position":3,"name":"Alyat – Réfrigéré"}]},{"@type":"WebSite","@id":"https://www.friemo.pt/en/#website","url":"https://www.friemo.pt/en/","name":"Friemo","description":"Caring for what you care for","publisher":{"@id":"https://www.friemo.pt/en/#organization"},"potentialAction":[{"@type":"SearchAction","target":{"@type":"EntryPoint","urlTemplate":"https://www.friemo.pt/en/?s={search_term_string}"},"query-input":{"@type":"PropertyValueSpecification","valueRequired":true,"valueName":"search_term_string"}}],"inLanguage":"fr-FR"},{"@type":"Organization","@id":"https://www.friemo.pt/en/#organization","name":"Friemo","url":"https://www.friemo.pt/en/","logo":{"@type":"ImageObject","inLanguage":"fr-FR","@id":"https://www.friemo.pt/en/#/schema/logo/image/","url":"https://www.friemo.pt/wp-content/uploads/2022/02/Friemo_logo.png","contentUrl":"https://www.friemo.pt/wp-content/uploads/2022/02/Friemo_logo.png","width":1417,"height":271,"caption":"Friemo"},"image":{"@id":"https://www.friemo.pt/en/#/schema/logo/image/"},"sameAs":["https://www.facebook.com/friemo.purever","https://www.instagram.com/friemo.purever/"]}]}</script>
<!-- / Yoast SEO plugin. -->

Alyat – Réfrigéré - Friemo

Fabrication en acier inoxydable Cuve en une seule pièce aux coins arrondis pour un nettoyage facile Plaque froide de 25 mm de profondeur et cuve réfrigérée de 210 mm de profondeur Joints de porte magnétiques facilement remplaçables Réfrigération par convection naturelle dans la réserve et par serpentin dans la cuve Gaz réfrigérant conforme à la norme en vigueur Contrôleur numérique à dégivrage automatique Kit d’évaporation Isolation en polyuréthane sans CFC à densité de 40 kg/m3 Pieds réglables en acier inoxydable

Início
