{"id":7635,"date":"2022-06-23T16:58:17","date_gmt":"2022-06-23T16:58:17","guid":{"rendered":"https:\/\/www.friemo.pt\/2022\/produto\/ceos-vitrina-refrigerada\/"},"modified":"2022-10-20T10:53:01","modified_gmt":"2022-10-20T10:53:01","slug":"ceos-vitrina-refrigerada-2","status":"publish","type":"product","link":"https:\/\/www.friemo.pt\/es\/producto\/ceos-vitrina-refrigerada-2\/","title":{"rendered":"Ceos \u2013 Vitrina Refrigerada"},"content":{"rendered":"","protected":false},"excerpt":{"rendered":"<ul>\n<li>Aislamiento t\u00e9rmico en PU y EPS<\/li>\n<li>Interior en acero inoxidable<\/li>\n<li>Exposici\u00f3n para tableros 600 x 400 en acero inoxidable en plano horizontal<\/li>\n<li>Reserva para tableros 600 x 400 en acero inoxidable (con opci\u00f3n para soporte tableros)<\/li>\n<li>Encimera de servicio de 200 mm personalizable<\/li>\n<li>Controlador digital<\/li>\n<li>Term\u00f3metro digital<\/li>\n<li>Montantes frontales de aluminio anodizado<\/li>\n<li>Kits de cristales: Lift-down y Lift-up (estante siempre opcional)<\/li>\n<li>Panel frontal anti-condensaci\u00f3n transparente<\/li>\n<li>Resistencia frontal anti-condensaci\u00f3n<\/li>\n<li>Cristales laterales de baja emisividad<\/li>\n<li>Gas refrigerante R404A usado de acuerdo con la normativa ambiental vigente<\/li>\n<li>F\u00e1cil limpieza<\/li>\n<\/ul>\n","protected":false},"featured_media":2773,"comment_status":"open","ping_status":"closed","template":"","meta":{"_acf_changed":false},"product_cat":[312,302,255,301],"product_tag":[],"submarca":[210],"tipo":[305,304],"area":[],"class_list":{"0":"post-7635","1":"product","2":"type-product","3":"status-publish","4":"has-post-thumbnail","6":"product_cat-ceos-es","7":"product_cat-pasteleria-panaderia-y-cafeteria","8":"product_cat-tipo-es","9":"product_cat-vitrinas-expositoras-y-barras","10":"submarca-ceos","11":"tipo-pasteleria-panaderia-y-cafeteria","12":"tipo-vitrinas-expositoras-y-barras","14":"first","15":"instock","16":"shipping-taxable","17":"product-type-simple"},"acf":[],"yoast_head":"<!-- This site is optimized with the Yoast SEO plugin v25.0 - https:\/\/yoast.com\/wordpress\/plugins\/seo\/ -->\n<title>Ceos \u2013 Vitrina Refrigerada - Friemo<\/title>\n<meta name=\"robots\" content=\"index, follow, max-snippet:-1, max-image-preview:large, max-video-preview:-1\" \/>\n<link rel=\"canonical\" href=\"https:\/\/www.friemo.pt\/es\/producto\/ceos-vitrina-refrigerada-2\/\" \/>\n<meta property=\"og:locale\" content=\"es_ES\" \/>\n<meta property=\"og:type\" content=\"article\" \/>\n<meta property=\"og:title\" content=\"Ceos \u2013 Vitrina Refrigerada - Friemo\" \/>\n<meta property=\"og:description\" content=\"Aislamiento t\u00e9rmico en PU y EPS  Interior en acero inoxidable  Exposici\u00f3n para tableros 600 x 400 en acero inoxidable en plano horizontal  Reserva para tableros 600 x 400 en acero inoxidable (con opci\u00f3n para soporte tableros)  Encimera de servicio de 200 mm personalizable  Controlador digital  Term\u00f3metro digital  Montantes frontales de aluminio anodizado  Kits de cristales: Lift-down y Lift-up (estante siempre opcional)  Panel frontal anti-condensaci\u00f3n transparente  Resistencia frontal anti-condensaci\u00f3n  Cristales laterales de baja emisividad  Gas refrigerante R404A usado de acuerdo con la normativa ambiental vigente  F\u00e1cil limpieza\" \/>\n<meta property=\"og:url\" content=\"https:\/\/www.friemo.pt\/es\/producto\/ceos-vitrina-refrigerada-2\/\" \/>\n<meta property=\"og:site_name\" content=\"Friemo\" \/>\n<meta property=\"article:publisher\" content=\"https:\/\/www.facebook.com\/friemo.purever\" \/>\n<meta property=\"article:modified_time\" content=\"2022-10-20T10:53:01+00:00\" \/>\n<meta property=\"og:image\" content=\"https:\/\/www.friemo.pt\/wp-content\/uploads\/2022\/06\/Ceos-vitrina-Lift-up-refrigerada-1019.jpg\" \/>\n\t<meta property=\"og:image:width\" content=\"1050\" \/>\n\t<meta property=\"og:image:height\" content=\"1050\" \/>\n\t<meta property=\"og:image:type\" content=\"image\/jpeg\" \/>\n<meta name=\"twitter:card\" content=\"summary_large_image\" \/>\n<script type=\"application\/ld+json\" class=\"yoast-schema-graph\">{\"@context\":\"https:\/\/schema.org\",\"@graph\":[{\"@type\":\"WebPage\",\"@id\":\"https:\/\/www.friemo.pt\/es\/producto\/ceos-vitrina-refrigerada-2\/\",\"url\":\"https:\/\/www.friemo.pt\/es\/producto\/ceos-vitrina-refrigerada-2\/\",\"name\":\"Ceos \u2013 Vitrina Refrigerada - Friemo\",\"isPartOf\":{\"@id\":\"https:\/\/www.friemo.pt\/en\/#website\"},\"primaryImageOfPage\":{\"@id\":\"https:\/\/www.friemo.pt\/es\/producto\/ceos-vitrina-refrigerada-2\/#primaryimage\"},\"image\":{\"@id\":\"https:\/\/www.friemo.pt\/es\/producto\/ceos-vitrina-refrigerada-2\/#primaryimage\"},\"thumbnailUrl\":\"https:\/\/www.friemo.pt\/wp-content\/uploads\/2022\/06\/Ceos-vitrina-Lift-up-refrigerada-1019.jpg\",\"datePublished\":\"2022-06-23T16:58:17+00:00\",\"dateModified\":\"2022-10-20T10:53:01+00:00\",\"breadcrumb\":{\"@id\":\"https:\/\/www.friemo.pt\/es\/producto\/ceos-vitrina-refrigerada-2\/#breadcrumb\"},\"inLanguage\":\"es\",\"potentialAction\":[{\"@type\":\"ReadAction\",\"target\":[\"https:\/\/www.friemo.pt\/es\/producto\/ceos-vitrina-refrigerada-2\/\"]}]},{\"@type\":\"ImageObject\",\"inLanguage\":\"es\",\"@id\":\"https:\/\/www.friemo.pt\/es\/producto\/ceos-vitrina-refrigerada-2\/#primaryimage\",\"url\":\"https:\/\/www.friemo.pt\/wp-content\/uploads\/2022\/06\/Ceos-vitrina-Lift-up-refrigerada-1019.jpg\",\"contentUrl\":\"https:\/\/www.friemo.pt\/wp-content\/uploads\/2022\/06\/Ceos-vitrina-Lift-up-refrigerada-1019.jpg\",\"width\":1050,\"height\":1050},{\"@type\":\"BreadcrumbList\",\"@id\":\"https:\/\/www.friemo.pt\/es\/producto\/ceos-vitrina-refrigerada-2\/#breadcrumb\",\"itemListElement\":[{\"@type\":\"ListItem\",\"position\":1,\"name\":\"In\u00edcio\",\"item\":\"https:\/\/www.friemo.pt\/\"},{\"@type\":\"ListItem\",\"position\":2,\"name\":\"Products\",\"item\":\"https:\/\/www.friemo.pt\/en\/shop\/\"},{\"@type\":\"ListItem\",\"position\":3,\"name\":\"Ceos \u2013 Vitrina Refrigerada\"}]},{\"@type\":\"WebSite\",\"@id\":\"https:\/\/www.friemo.pt\/en\/#website\",\"url\":\"https:\/\/www.friemo.pt\/en\/\",\"name\":\"Friemo\",\"description\":\"Caring for what you care for\",\"publisher\":{\"@id\":\"https:\/\/www.friemo.pt\/en\/#organization\"},\"potentialAction\":[{\"@type\":\"SearchAction\",\"target\":{\"@type\":\"EntryPoint\",\"urlTemplate\":\"https:\/\/www.friemo.pt\/en\/?s={search_term_string}\"},\"query-input\":{\"@type\":\"PropertyValueSpecification\",\"valueRequired\":true,\"valueName\":\"search_term_string\"}}],\"inLanguage\":\"es\"},{\"@type\":\"Organization\",\"@id\":\"https:\/\/www.friemo.pt\/en\/#organization\",\"name\":\"Friemo\",\"url\":\"https:\/\/www.friemo.pt\/en\/\",\"logo\":{\"@type\":\"ImageObject\",\"inLanguage\":\"es\",\"@id\":\"https:\/\/www.friemo.pt\/en\/#\/schema\/logo\/image\/\",\"url\":\"https:\/\/www.friemo.pt\/wp-content\/uploads\/2022\/02\/Friemo_logo.png\",\"contentUrl\":\"https:\/\/www.friemo.pt\/wp-content\/uploads\/2022\/02\/Friemo_logo.png\",\"width\":1417,\"height\":271,\"caption\":\"Friemo\"},\"image\":{\"@id\":\"https:\/\/www.friemo.pt\/en\/#\/schema\/logo\/image\/\"},\"sameAs\":[\"https:\/\/www.facebook.com\/friemo.purever\",\"https:\/\/www.instagram.com\/friemo.purever\/\"]}]}<\/script>\n<!-- \/ Yoast SEO plugin. -->","yoast_head_json":{"title":"Ceos \u2013 Vitrina Refrigerada - Friemo","robots":{"index":"index","follow":"follow","max-snippet":"max-snippet:-1","max-image-preview":"max-image-preview:large","max-video-preview":"max-video-preview:-1"},"canonical":"https:\/\/www.friemo.pt\/es\/producto\/ceos-vitrina-refrigerada-2\/","og_locale":"es_ES","og_type":"article","og_title":"Ceos \u2013 Vitrina Refrigerada - Friemo","og_description":"Aislamiento t\u00e9rmico en PU y EPS  Interior en acero inoxidable  Exposici\u00f3n para tableros 600 x 400 en acero inoxidable en plano horizontal  Reserva para tableros 600 x 400 en acero inoxidable (con opci\u00f3n para soporte tableros)  Encimera de servicio de 200 mm personalizable  Controlador digital  Term\u00f3metro digital  Montantes frontales de aluminio anodizado  Kits de cristales: Lift-down y Lift-up (estante siempre opcional)  Panel frontal anti-condensaci\u00f3n transparente  Resistencia frontal anti-condensaci\u00f3n  Cristales laterales de baja emisividad  Gas refrigerante R404A usado de acuerdo con la normativa ambiental vigente  F\u00e1cil limpieza","og_url":"https:\/\/www.friemo.pt\/es\/producto\/ceos-vitrina-refrigerada-2\/","og_site_name":"Friemo","article_publisher":"https:\/\/www.facebook.com\/friemo.purever","article_modified_time":"2022-10-20T10:53:01+00:00","og_image":[{"width":1050,"height":1050,"url":"https:\/\/www.friemo.pt\/wp-content\/uploads\/2022\/06\/Ceos-vitrina-Lift-up-refrigerada-1019.jpg","type":"image\/jpeg"}],"twitter_card":"summary_large_image","schema":{"@context":"https:\/\/schema.org","@graph":[{"@type":"WebPage","@id":"https:\/\/www.friemo.pt\/es\/producto\/ceos-vitrina-refrigerada-2\/","url":"https:\/\/www.friemo.pt\/es\/producto\/ceos-vitrina-refrigerada-2\/","name":"Ceos \u2013 Vitrina Refrigerada - Friemo","isPartOf":{"@id":"https:\/\/www.friemo.pt\/en\/#website"},"primaryImageOfPage":{"@id":"https:\/\/www.friemo.pt\/es\/producto\/ceos-vitrina-refrigerada-2\/#primaryimage"},"image":{"@id":"https:\/\/www.friemo.pt\/es\/producto\/ceos-vitrina-refrigerada-2\/#primaryimage"},"thumbnailUrl":"https:\/\/www.friemo.pt\/wp-content\/uploads\/2022\/06\/Ceos-vitrina-Lift-up-refrigerada-1019.jpg","datePublished":"2022-06-23T16:58:17+00:00","dateModified":"2022-10-20T10:53:01+00:00","breadcrumb":{"@id":"https:\/\/www.friemo.pt\/es\/producto\/ceos-vitrina-refrigerada-2\/#breadcrumb"},"inLanguage":"es","potentialAction":[{"@type":"ReadAction","target":["https:\/\/www.friemo.pt\/es\/producto\/ceos-vitrina-refrigerada-2\/"]}]},{"@type":"ImageObject","inLanguage":"es","@id":"https:\/\/www.friemo.pt\/es\/producto\/ceos-vitrina-refrigerada-2\/#primaryimage","url":"https:\/\/www.friemo.pt\/wp-content\/uploads\/2022\/06\/Ceos-vitrina-Lift-up-refrigerada-1019.jpg","contentUrl":"https:\/\/www.friemo.pt\/wp-content\/uploads\/2022\/06\/Ceos-vitrina-Lift-up-refrigerada-1019.jpg","width":1050,"height":1050},{"@type":"BreadcrumbList","@id":"https:\/\/www.friemo.pt\/es\/producto\/ceos-vitrina-refrigerada-2\/#breadcrumb","itemListElement":[{"@type":"ListItem","position":1,"name":"In\u00edcio","item":"https:\/\/www.friemo.pt\/"},{"@type":"ListItem","position":2,"name":"Products","item":"https:\/\/www.friemo.pt\/en\/shop\/"},{"@type":"ListItem","position":3,"name":"Ceos \u2013 Vitrina Refrigerada"}]},{"@type":"WebSite","@id":"https:\/\/www.friemo.pt\/en\/#website","url":"https:\/\/www.friemo.pt\/en\/","name":"Friemo","description":"Caring for what you care for","publisher":{"@id":"https:\/\/www.friemo.pt\/en\/#organization"},"potentialAction":[{"@type":"SearchAction","target":{"@type":"EntryPoint","urlTemplate":"https:\/\/www.friemo.pt\/en\/?s={search_term_string}"},"query-input":{"@type":"PropertyValueSpecification","valueRequired":true,"valueName":"search_term_string"}}],"inLanguage":"es"},{"@type":"Organization","@id":"https:\/\/www.friemo.pt\/en\/#organization","name":"Friemo","url":"https:\/\/www.friemo.pt\/en\/","logo":{"@type":"ImageObject","inLanguage":"es","@id":"https:\/\/www.friemo.pt\/en\/#\/schema\/logo\/image\/","url":"https:\/\/www.friemo.pt\/wp-content\/uploads\/2022\/02\/Friemo_logo.png","contentUrl":"https:\/\/www.friemo.pt\/wp-content\/uploads\/2022\/02\/Friemo_logo.png","width":1417,"height":271,"caption":"Friemo"},"image":{"@id":"https:\/\/www.friemo.pt\/en\/#\/schema\/logo\/image\/"},"sameAs":["https:\/\/www.facebook.com\/friemo.purever","https:\/\/www.instagram.com\/friemo.purever\/"]}]}},"_links":{"self":[{"href":"https:\/\/www.friemo.pt\/es\/wp-json\/wp\/v2\/product\/7635"}],"collection":[{"href":"https:\/\/www.friemo.pt\/es\/wp-json\/wp\/v2\/product"}],"about":[{"href":"https:\/\/www.friemo.pt\/es\/wp-json\/wp\/v2\/types\/product"}],"replies":[{"embeddable":true,"href":"https:\/\/www.friemo.pt\/es\/wp-json\/wp\/v2\/comments?post=7635"}],"wp:featuredmedia":[{"embeddable":true,"href":"https:\/\/www.friemo.pt\/es\/wp-json\/wp\/v2\/media\/2773"}],"wp:attachment":[{"href":"https:\/\/www.friemo.pt\/es\/wp-json\/wp\/v2\/media?parent=7635"}],"wp:term":[{"taxonomy":"product_cat","embeddable":true,"href":"https:\/\/www.friemo.pt\/es\/wp-json\/wp\/v2\/product_cat?post=7635"},{"taxonomy":"product_tag","embeddable":true,"href":"https:\/\/www.friemo.pt\/es\/wp-json\/wp\/v2\/product_tag?post=7635"},{"taxonomy":"submarca","embeddable":true,"href":"https:\/\/www.friemo.pt\/es\/wp-json\/wp\/v2\/submarca?post=7635"},{"taxonomy":"tipo","embeddable":true,"href":"https:\/\/www.friemo.pt\/es\/wp-json\/wp\/v2\/tipo?post=7635"},{"taxonomy":"area","embeddable":true,"href":"https:\/\/www.friemo.pt\/es\/wp-json\/wp\/v2\/area?post=7635"}],"curies":[{"name":"wp","href":"https:\/\/api.w.org\/{rel}","templated":true}]}}

<ul>
<li>Aislamiento térmico en PU y EPS</li>
<li>Interior en acero inoxidable</li>
<li>Exposición para tableros 600 x 400 en acero inoxidable en plano horizontal</li>
<li>Reserva para tableros 600 x 400 en acero inoxidable (con opción para soporte tableros)</li>
<li>Encimera de servicio de 200 mm personalizable</li>
<li>Controlador digital</li>
<li>Termómetro digital</li>
<li>Montantes frontales de aluminio anodizado</li>
<li>Kits de cristales: Lift-down y Lift-up (estante siempre opcional)</li>
<li>Panel frontal anti-condensación transparente</li>
<li>Resistencia frontal anti-condensación</li>
<li>Cristales laterales de baja emisividad</li>
<li>Gas refrigerante R404A usado de acuerdo con la normativa ambiental vigente</li>
<li>Fácil limpieza</li>
</ul>

<!-- This site is optimized with the Yoast SEO plugin v25.0 - https://yoast.com/wordpress/plugins/seo/ -->
<title>Ceos – Vitrina Refrigerada - Friemo</title>
<meta name="robots" content="index, follow, max-snippet:-1, max-image-preview:large, max-video-preview:-1" />
<link rel="canonical" href="https://www.friemo.pt/es/producto/ceos-vitrina-refrigerada-2/" />
<meta property="og:locale" content="es_ES" />
<meta property="og:type" content="article" />
<meta property="og:title" content="Ceos – Vitrina Refrigerada - Friemo" />
<meta property="og:description" content="Aislamiento térmico en PU y EPS  Interior en acero inoxidable  Exposición para tableros 600 x 400 en acero inoxidable en plano horizontal  Reserva para tableros 600 x 400 en acero inoxidable (con opción para soporte tableros)  Encimera de servicio de 200 mm personalizable  Controlador digital  Termómetro digital  Montantes frontales de aluminio anodizado  Kits de cristales: Lift-down y Lift-up (estante siempre opcional)  Panel frontal anti-condensación transparente  Resistencia frontal anti-condensación  Cristales laterales de baja emisividad  Gas refrigerante R404A usado de acuerdo con la normativa ambiental vigente  Fácil limpieza" />
<meta property="og:url" content="https://www.friemo.pt/es/producto/ceos-vitrina-refrigerada-2/" />
<meta property="og:site_name" content="Friemo" />
<meta property="article:publisher" content="https://www.facebook.com/friemo.purever" />
<meta property="article:modified_time" content="2022-10-20T10:53:01+00:00" />
<meta property="og:image" content="https://www.friemo.pt/wp-content/uploads/2022/06/Ceos-vitrina-Lift-up-refrigerada-1019.jpg" />
	<meta property="og:image:width" content="1050" />
	<meta property="og:image:height" content="1050" />
	<meta property="og:image:type" content="image/jpeg" />
<meta name="twitter:card" content="summary_large_image" />
<script type="application/ld+json" class="yoast-schema-graph">{"@context":"https://schema.org","@graph":[{"@type":"WebPage","@id":"https://www.friemo.pt/es/producto/ceos-vitrina-refrigerada-2/","url":"https://www.friemo.pt/es/producto/ceos-vitrina-refrigerada-2/","name":"Ceos – Vitrina Refrigerada - Friemo","isPartOf":{"@id":"https://www.friemo.pt/en/#website"},"primaryImageOfPage":{"@id":"https://www.friemo.pt/es/producto/ceos-vitrina-refrigerada-2/#primaryimage"},"image":{"@id":"https://www.friemo.pt/es/producto/ceos-vitrina-refrigerada-2/#primaryimage"},"thumbnailUrl":"https://www.friemo.pt/wp-content/uploads/2022/06/Ceos-vitrina-Lift-up-refrigerada-1019.jpg","datePublished":"2022-06-23T16:58:17+00:00","dateModified":"2022-10-20T10:53:01+00:00","breadcrumb":{"@id":"https://www.friemo.pt/es/producto/ceos-vitrina-refrigerada-2/#breadcrumb"},"inLanguage":"es","potentialAction":[{"@type":"ReadAction","target":["https://www.friemo.pt/es/producto/ceos-vitrina-refrigerada-2/"]}]},{"@type":"ImageObject","inLanguage":"es","@id":"https://www.friemo.pt/es/producto/ceos-vitrina-refrigerada-2/#primaryimage","url":"https://www.friemo.pt/wp-content/uploads/2022/06/Ceos-vitrina-Lift-up-refrigerada-1019.jpg","contentUrl":"https://www.friemo.pt/wp-content/uploads/2022/06/Ceos-vitrina-Lift-up-refrigerada-1019.jpg","width":1050,"height":1050},{"@type":"BreadcrumbList","@id":"https://www.friemo.pt/es/producto/ceos-vitrina-refrigerada-2/#breadcrumb","itemListElement":[{"@type":"ListItem","position":1,"name":"Início","item":"https://www.friemo.pt/"},{"@type":"ListItem","position":2,"name":"Products","item":"https://www.friemo.pt/en/shop/"},{"@type":"ListItem","position":3,"name":"Ceos – Vitrina Refrigerada"}]},{"@type":"WebSite","@id":"https://www.friemo.pt/en/#website","url":"https://www.friemo.pt/en/","name":"Friemo","description":"Caring for what you care for","publisher":{"@id":"https://www.friemo.pt/en/#organization"},"potentialAction":[{"@type":"SearchAction","target":{"@type":"EntryPoint","urlTemplate":"https://www.friemo.pt/en/?s={search_term_string}"},"query-input":{"@type":"PropertyValueSpecification","valueRequired":true,"valueName":"search_term_string"}}],"inLanguage":"es"},{"@type":"Organization","@id":"https://www.friemo.pt/en/#organization","name":"Friemo","url":"https://www.friemo.pt/en/","logo":{"@type":"ImageObject","inLanguage":"es","@id":"https://www.friemo.pt/en/#/schema/logo/image/","url":"https://www.friemo.pt/wp-content/uploads/2022/02/Friemo_logo.png","contentUrl":"https://www.friemo.pt/wp-content/uploads/2022/02/Friemo_logo.png","width":1417,"height":271,"caption":"Friemo"},"image":{"@id":"https://www.friemo.pt/en/#/schema/logo/image/"},"sameAs":["https://www.facebook.com/friemo.purever","https://www.instagram.com/friemo.purever/"]}]}</script>
<!-- / Yoast SEO plugin. -->

Aislamiento térmico en PU y EPS  Interior en acero inoxidable  Exposición para tableros 600 x 400 en acero inoxidable en plano horizontal  Reserva para tableros 600 x 400 en acero inoxidable (con opción para soporte tableros)  Encimera de servicio de 200 mm personalizable  Controlador digital  Termómetro digital  Montantes frontales de aluminio anodizado  Kits de cristales: Lift-down y Lift-up (estante siempre opcional)  Panel frontal anti-condensación transparente  Resistencia frontal anti-condensación  Cristales laterales de baja emisividad  Gas refrigerante R404A usado de acuerdo con la normativa ambiental vigente  Fácil limpieza

Início
